{"id":96,"date":"2022-11-20T21:29:56","date_gmt":"2022-11-20T21:29:56","guid":{"rendered":"https:\/\/www.allegria-vs.ch\/?page_id=96"},"modified":"2025-08-17T07:33:48","modified_gmt":"2025-08-17T07:33:48","slug":"qui-sommes-nous","status":"publish","type":"page","link":"https:\/\/www.allegria-vs.ch\/index.php\/qui-sommes-nous\/","title":{"rendered":"Qui sommes-nous ?"},"content":{"rendered":"\n<h2 class=\"wp-block-heading\">Notre style<\/h2>\n\n\n\n<p class=\"wp-block-paragraph\">Toutes les&nbsp;chansons de notre r\u00e9pertoire sont harmonis\u00e9es \u00e0 plusieurs voix et accompagn\u00e9es par des bandes musicales adapt\u00e9es \u00e0 notre prestation. <\/p>\n\n\n\n<p class=\"wp-block-paragraph\">Vous d\u00e9couvrirez un spectacle dynamique et entra\u00eenant gr\u00e2ce \u00e0 des morceaux vari\u00e9s et contemporains dont voici quelques interpr\u00e8tes :<\/p>\n\n\n\n<div class=\"wp-block-cover\"><img loading=\"lazy\" decoding=\"async\" width=\"1024\" height=\"683\" class=\"wp-block-cover__image-background wp-image-226\" alt=\"\" src=\"https:\/\/www.allegria-vs.ch\/wp-content\/uploads\/2023\/01\/Allegria10-4-1024x683.jpg\" data-object-fit=\"cover\" srcset=\"https:\/\/www.allegria-vs.ch\/wp-content\/uploads\/2023\/01\/Allegria10-4-1024x683.jpg 1024w, https:\/\/www.allegria-vs.ch\/wp-content\/uploads\/2023\/01\/Allegria10-4-300x200.jpg 300w, https:\/\/www.allegria-vs.ch\/wp-content\/uploads\/2023\/01\/Allegria10-4-768x512.jpg 768w, https:\/\/www.allegria-vs.ch\/wp-content\/uploads\/2023\/01\/Allegria10-4-1536x1024.jpg 1536w, https:\/\/www.allegria-vs.ch\/wp-content\/uploads\/2023\/01\/Allegria10-4-1000x667.jpg 1000w, https:\/\/www.allegria-vs.ch\/wp-content\/uploads\/2023\/01\/Allegria10-4-230x153.jpg 230w, https:\/\/www.allegria-vs.ch\/wp-content\/uploads\/2023\/01\/Allegria10-4-350x233.jpg 350w, https:\/\/www.allegria-vs.ch\/wp-content\/uploads\/2023\/01\/Allegria10-4-480x320.jpg 480w\" sizes=\"auto, (max-width: 980px) 100vw, 980px\" \/><span aria-hidden=\"true\" class=\"wp-block-cover__background has-background-dim\"><\/span><div class=\"wp-block-cover__inner-container is-layout-flow wp-block-cover-is-layout-flow\">\n<ul class=\"wp-block-list has-small-font-size\">\n<li>Calogero<\/li>\n\n\n\n<li>Queen<\/li>\n\n\n\n<li>David Guetta<\/li>\n\n\n\n<li>Toto<\/li>\n\n\n\n<li>Florent Pagny<\/li>\n\n\n\n<li>Jean-Jacques Goldman<\/li>\n\n\n\n<li>Michael Jackson<\/li>\n\n\n\n<li>Mika<\/li>\n\n\n\n<li>Clara Luciani<\/li>\n\n\n\n<li>Soprano<\/li>\n\n\n\n<li>Vianney<\/li>\n\n\n\n<li>Nolwenn Leroy<\/li>\n\n\n\n<li>Elton John<\/li>\n\n\n\n<li>Johnny Hallyday<\/li>\n<\/ul>\n<\/div><\/div>\n\n\n\n<h2 class=\"wp-block-heading\">Notre histoire<\/h2>\n\n\n\n<p class=\"wp-block-paragraph\">Le groupe ALLEGRIA se pr\u00e9sente en spectacle depuis 2003.<\/p>\n\n\n\n<p class=\"wp-block-paragraph\">Il est n\u00e9 de la fusion de deux ch\u0153urs, celui des Enseignants du Valais Central et celui de Flanthey.<\/p>\n\n\n\n<p class=\"wp-block-paragraph\">Allegria a partag\u00e9 la sc\u00e8ne avec des troupes internationales comme Crescendo et V&rsquo;la l&rsquo;Bon Vent du Qu\u00e9bec. &nbsp;<\/p>\n\n\n\n<p class=\"wp-block-paragraph\">Allegria a d\u2019ailleurs particip\u00e9, l&rsquo;\u00e9t\u00e9 2008, \u00e0 une tourn\u00e9e au Qu\u00e9bec dans le cadre des f\u00eates du 400\u00e8me anniversaire de la ville.<\/p>\n\n\n\n<h2 class=\"wp-block-heading\">Notre direction<\/h2>\n\n\n\n<p class=\"wp-block-paragraph\">Elisabeth Pannatier et St\u00e9phane Morisod, tous deux chanteurs dans la troupe depuis le d\u00e9but, associent leurs comp\u00e9tences pour co-diriger Allegria dans un style pop et dynamique.<\/p>\n\n\n\n<div class=\"wp-block-media-text is-stacked-on-mobile\" style=\"grid-template-columns:27% auto\"><figure class=\"wp-block-media-text__media\"><img loading=\"lazy\" decoding=\"async\" width=\"1024\" height=\"1024\" src=\"https:\/\/www.allegria-vs.ch\/wp-content\/uploads\/2023\/01\/Lisa-1024x1024.jpg\" alt=\"\" class=\"wp-image-272 size-full\" srcset=\"https:\/\/www.allegria-vs.ch\/wp-content\/uploads\/2023\/01\/Lisa-1024x1024.jpg 1024w, https:\/\/www.allegria-vs.ch\/wp-content\/uploads\/2023\/01\/Lisa-300x300.jpg 300w, https:\/\/www.allegria-vs.ch\/wp-content\/uploads\/2023\/01\/Lisa-150x150.jpg 150w, https:\/\/www.allegria-vs.ch\/wp-content\/uploads\/2023\/01\/Lisa-768x768.jpg 768w, https:\/\/www.allegria-vs.ch\/wp-content\/uploads\/2023\/01\/Lisa-1536x1536.jpg 1536w, https:\/\/www.allegria-vs.ch\/wp-content\/uploads\/2023\/01\/Lisa-1000x1000.jpg 1000w, https:\/\/www.allegria-vs.ch\/wp-content\/uploads\/2023\/01\/Lisa-230x230.jpg 230w, https:\/\/www.allegria-vs.ch\/wp-content\/uploads\/2023\/01\/Lisa-350x350.jpg 350w, https:\/\/www.allegria-vs.ch\/wp-content\/uploads\/2023\/01\/Lisa-480x480.jpg 480w\" sizes=\"auto, (max-width: 980px) 100vw, 980px\" \/><\/figure><div class=\"wp-block-media-text__content\">\n<p class=\"wp-block-paragraph\">Elisabeth Pannatier a suivi les cours professionnels de solf\u00e8ge au conservatoire. Sa solide exp\u00e9rience musicale est compl\u00e9t\u00e9e par des cours de piano classique et de pose de voix.<\/p>\n<\/div><\/div>\n\n\n\n<div class=\"wp-block-media-text has-media-on-the-right is-stacked-on-mobile\" style=\"grid-template-columns:auto 29%\"><div class=\"wp-block-media-text__content\">\n<p class=\"wp-block-paragraph\">St\u00e9phane Morisod, dipl\u00f4m\u00e9 du Percussion Institute of Technology de Los Angeles, b\u00e9n\u00e9ficie d\u2019une longue exp\u00e9rience de batteur dans plusieurs groupes de styles musicaux diff\u00e9rents.<\/p>\n<\/div><figure class=\"wp-block-media-text__media\"><img loading=\"lazy\" decoding=\"async\" width=\"1024\" height=\"1024\" src=\"https:\/\/www.allegria-vs.ch\/wp-content\/uploads\/2023\/01\/Stephane-1024x1024.jpg\" alt=\"\" class=\"wp-image-274 size-full\" srcset=\"https:\/\/www.allegria-vs.ch\/wp-content\/uploads\/2023\/01\/Stephane-1024x1024.jpg 1024w, https:\/\/www.allegria-vs.ch\/wp-content\/uploads\/2023\/01\/Stephane-300x300.jpg 300w, https:\/\/www.allegria-vs.ch\/wp-content\/uploads\/2023\/01\/Stephane-150x150.jpg 150w, https:\/\/www.allegria-vs.ch\/wp-content\/uploads\/2023\/01\/Stephane-768x768.jpg 768w, https:\/\/www.allegria-vs.ch\/wp-content\/uploads\/2023\/01\/Stephane-1536x1536.jpg 1536w, https:\/\/www.allegria-vs.ch\/wp-content\/uploads\/2023\/01\/Stephane-1000x1000.jpg 1000w, https:\/\/www.allegria-vs.ch\/wp-content\/uploads\/2023\/01\/Stephane-230x230.jpg 230w, https:\/\/www.allegria-vs.ch\/wp-content\/uploads\/2023\/01\/Stephane-350x350.jpg 350w, https:\/\/www.allegria-vs.ch\/wp-content\/uploads\/2023\/01\/Stephane-480x480.jpg 480w\" sizes=\"auto, (max-width: 980px) 100vw, 980px\" \/><\/figure><\/div>\n\n\n\n<p class=\"wp-block-paragraph\">Leurs comp\u00e9tences tant harmoniques, musicales que rythmiques contribuent \u00e0 la dynamique de la troupe et, nous l\u2019esp\u00e9rons, \u00e0 l\u2019enthousiasme de notre public.<\/p>\n\n\n\n<h2 class=\"wp-block-heading\">Et notre pr\u00e9sidente<\/h2>\n\n\n\n<div class=\"wp-block-media-text is-stacked-on-mobile\" style=\"grid-template-columns:29% auto\"><figure class=\"wp-block-media-text__media\"><img loading=\"lazy\" decoding=\"async\" width=\"1024\" height=\"1024\" src=\"https:\/\/www.allegria-vs.ch\/wp-content\/uploads\/2024\/08\/Laurence-1-1024x1024-1.jpg\" alt=\"\" class=\"wp-image-1125 size-full\" srcset=\"https:\/\/www.allegria-vs.ch\/wp-content\/uploads\/2024\/08\/Laurence-1-1024x1024-1.jpg 1024w, https:\/\/www.allegria-vs.ch\/wp-content\/uploads\/2024\/08\/Laurence-1-1024x1024-1-300x300.jpg 300w, https:\/\/www.allegria-vs.ch\/wp-content\/uploads\/2024\/08\/Laurence-1-1024x1024-1-150x150.jpg 150w, https:\/\/www.allegria-vs.ch\/wp-content\/uploads\/2024\/08\/Laurence-1-1024x1024-1-768x768.jpg 768w, https:\/\/www.allegria-vs.ch\/wp-content\/uploads\/2024\/08\/Laurence-1-1024x1024-1-210x210.jpg 210w\" sizes=\"auto, (max-width: 980px) 100vw, 980px\" \/><\/figure><div class=\"wp-block-media-text__content\">\n<p class=\"wp-block-paragraph\">Laurence Morisod, pr\u00e9sidente de la troupe Allegria depuis 2016<\/p>\n<\/div><\/div>\n\n\n\n<p class=\"has-text-align-right wp-block-paragraph\"><\/p>\n","protected":false},"excerpt":{"rendered":"<p>Notre style Toutes les&nbsp;chansons de notre r\u00e9pertoire sont harmonis\u00e9es \u00e0 plusieurs voix et accompagn\u00e9es par des bandes musicales adapt\u00e9es \u00e0 notre prestation. Vous d\u00e9couvrirez un spectacle dynamique et entra\u00eenant gr\u00e2ce \u00e0 des morceaux vari\u00e9s et contemporains dont voici quelques interpr\u00e8tes : Notre histoire Le groupe ALLEGRIA se pr\u00e9sente en spectacle depuis 2003. Il est n\u00e9 [&hellip;]<\/p>\n","protected":false},"author":1,"featured_media":178,"parent":0,"menu_order":0,"comment_status":"closed","ping_status":"closed","template":"","meta":{"ngg_post_thumbnail":0,"footnotes":""},"class_list":["post-96","page","type-page","status-publish","has-post-thumbnail","hentry"],"_links":{"self":[{"href":"https:\/\/www.allegria-vs.ch\/index.php\/wp-json\/wp\/v2\/pages\/96","targetHints":{"allow":["GET"]}}],"collection":[{"href":"https:\/\/www.allegria-vs.ch\/index.php\/wp-json\/wp\/v2\/pages"}],"about":[{"href":"https:\/\/www.allegria-vs.ch\/index.php\/wp-json\/wp\/v2\/types\/page"}],"author":[{"embeddable":true,"href":"https:\/\/www.allegria-vs.ch\/index.php\/wp-json\/wp\/v2\/users\/1"}],"replies":[{"embeddable":true,"href":"https:\/\/www.allegria-vs.ch\/index.php\/wp-json\/wp\/v2\/comments?post=96"}],"version-history":[{"count":21,"href":"https:\/\/www.allegria-vs.ch\/index.php\/wp-json\/wp\/v2\/pages\/96\/revisions"}],"predecessor-version":[{"id":1230,"href":"https:\/\/www.allegria-vs.ch\/index.php\/wp-json\/wp\/v2\/pages\/96\/revisions\/1230"}],"wp:featuredmedia":[{"embeddable":true,"href":"https:\/\/www.allegria-vs.ch\/index.php\/wp-json\/wp\/v2\/media\/178"}],"wp:attachment":[{"href":"https:\/\/www.allegria-vs.ch\/index.php\/wp-json\/wp\/v2\/media?parent=96"}],"curies":[{"name":"wp","href":"https:\/\/api.w.org\/{rel}","templated":true}]}}

<h2 class="wp-block-heading">Notre style</h2>



<p class="wp-block-paragraph">Toutes les&nbsp;chansons de notre répertoire sont harmonisées à plusieurs voix et accompagnées par des bandes musicales adaptées à notre prestation. </p>



<p class="wp-block-paragraph">Vous découvrirez un spectacle dynamique et entraînant grâce à des morceaux variés et contemporains dont voici quelques interprètes :</p>



<div class="wp-block-cover"><img loading="lazy" decoding="async" width="1024" height="683" class="wp-block-cover__image-background wp-image-226" alt="" src="https://www.allegria-vs.ch/wp-content/uploads/2023/01/Allegria10-4-1024x683.jpg" data-object-fit="cover" srcset="https://www.allegria-vs.ch/wp-content/uploads/2023/01/Allegria10-4-1024x683.jpg 1024w, https://www.allegria-vs.ch/wp-content/uploads/2023/01/Allegria10-4-300x200.jpg 300w, https://www.allegria-vs.ch/wp-content/uploads/2023/01/Allegria10-4-768x512.jpg 768w, https://www.allegria-vs.ch/wp-content/uploads/2023/01/Allegria10-4-1536x1024.jpg 1536w, https://www.allegria-vs.ch/wp-content/uploads/2023/01/Allegria10-4-1000x667.jpg 1000w, https://www.allegria-vs.ch/wp-content/uploads/2023/01/Allegria10-4-230x153.jpg 230w, https://www.allegria-vs.ch/wp-content/uploads/2023/01/Allegria10-4-350x233.jpg 350w, https://www.allegria-vs.ch/wp-content/uploads/2023/01/Allegria10-4-480x320.jpg 480w" sizes="auto, (max-width: 980px) 100vw, 980px" /><span aria-hidden="true" class="wp-block-cover__background has-background-dim"></span><div class="wp-block-cover__inner-container is-layout-flow wp-block-cover-is-layout-flow">
<ul class="wp-block-list has-small-font-size">
<li>Calogero</li>



<li>Queen</li>



<li>David Guetta</li>



<li>Toto</li>



<li>Florent Pagny</li>



<li>Jean-Jacques Goldman</li>



<li>Michael Jackson</li>



<li>Mika</li>



<li>Clara Luciani</li>



<li>Soprano</li>



<li>Vianney</li>



<li>Nolwenn Leroy</li>



<li>Elton John</li>



<li>Johnny Hallyday</li>
</ul>
</div></div>



<h2 class="wp-block-heading">Notre histoire</h2>



<p class="wp-block-paragraph">Le groupe ALLEGRIA se présente en spectacle depuis 2003.</p>



<p class="wp-block-paragraph">Il est né de la fusion de deux chœurs, celui des Enseignants du Valais Central et celui de Flanthey.</p>



<p class="wp-block-paragraph">Allegria a partagé la scène avec des troupes internationales comme Crescendo et V&rsquo;la l&rsquo;Bon Vent du Québec. &nbsp;</p>



<p class="wp-block-paragraph">Allegria a d’ailleurs participé, l&rsquo;été 2008, à une tournée au Québec dans le cadre des fêtes du 400ème anniversaire de la ville.</p>



<h2 class="wp-block-heading">Notre direction</h2>



<p class="wp-block-paragraph">Elisabeth Pannatier et Stéphane Morisod, tous deux chanteurs dans la troupe depuis le début, associent leurs compétences pour co-diriger Allegria dans un style pop et dynamique.</p>



<div class="wp-block-media-text is-stacked-on-mobile" style="grid-template-columns:27% auto"><figure class="wp-block-media-text__media"><img loading="lazy" decoding="async" width="1024" height="1024" src="https://www.allegria-vs.ch/wp-content/uploads/2023/01/Lisa-1024x1024.jpg" alt="" class="wp-image-272 size-full" srcset="https://www.allegria-vs.ch/wp-content/uploads/2023/01/Lisa-1024x1024.jpg 1024w, https://www.allegria-vs.ch/wp-content/uploads/2023/01/Lisa-300x300.jpg 300w, https://www.allegria-vs.ch/wp-content/uploads/2023/01/Lisa-150x150.jpg 150w, https://www.allegria-vs.ch/wp-content/uploads/2023/01/Lisa-768x768.jpg 768w, https://www.allegria-vs.ch/wp-content/uploads/2023/01/Lisa-1536x1536.jpg 1536w, https://www.allegria-vs.ch/wp-content/uploads/2023/01/Lisa-1000x1000.jpg 1000w, https://www.allegria-vs.ch/wp-content/uploads/2023/01/Lisa-230x230.jpg 230w, https://www.allegria-vs.ch/wp-content/uploads/2023/01/Lisa-350x350.jpg 350w, https://www.allegria-vs.ch/wp-content/uploads/2023/01/Lisa-480x480.jpg 480w" sizes="auto, (max-width: 980px) 100vw, 980px" /></figure><div class="wp-block-media-text__content">
<p class="wp-block-paragraph">Elisabeth Pannatier a suivi les cours professionnels de solfège au conservatoire. Sa solide expérience musicale est complétée par des cours de piano classique et de pose de voix.</p>
</div></div>



<div class="wp-block-media-text has-media-on-the-right is-stacked-on-mobile" style="grid-template-columns:auto 29%"><div class="wp-block-media-text__content">
<p class="wp-block-paragraph">Stéphane Morisod, diplômé du Percussion Institute of Technology de Los Angeles, bénéficie d’une longue expérience de batteur dans plusieurs groupes de styles musicaux différents.</p>
</div><figure class="wp-block-media-text__media"><img loading="lazy" decoding="async" width="1024" height="1024" src="https://www.allegria-vs.ch/wp-content/uploads/2023/01/Stephane-1024x1024.jpg" alt="" class="wp-image-274 size-full" srcset="https://www.allegria-vs.ch/wp-content/uploads/2023/01/Stephane-1024x1024.jpg 1024w, https://www.allegria-vs.ch/wp-content/uploads/2023/01/Stephane-300x300.jpg 300w, https://www.allegria-vs.ch/wp-content/uploads/2023/01/Stephane-150x150.jpg 150w, https://www.allegria-vs.ch/wp-content/uploads/2023/01/Stephane-768x768.jpg 768w, https://www.allegria-vs.ch/wp-content/uploads/2023/01/Stephane-1536x1536.jpg 1536w, https://www.allegria-vs.ch/wp-content/uploads/2023/01/Stephane-1000x1000.jpg 1000w, https://www.allegria-vs.ch/wp-content/uploads/2023/01/Stephane-230x230.jpg 230w, https://www.allegria-vs.ch/wp-content/uploads/2023/01/Stephane-350x350.jpg 350w, https://www.allegria-vs.ch/wp-content/uploads/2023/01/Stephane-480x480.jpg 480w" sizes="auto, (max-width: 980px) 100vw, 980px" /></figure></div>



<p class="wp-block-paragraph">Leurs compétences tant harmoniques, musicales que rythmiques contribuent à la dynamique de la troupe et, nous l’espérons, à l’enthousiasme de notre public.</p>



<h2 class="wp-block-heading">Et notre présidente</h2>



<div class="wp-block-media-text is-stacked-on-mobile" style="grid-template-columns:29% auto"><figure class="wp-block-media-text__media"><img loading="lazy" decoding="async" width="1024" height="1024" src="https://www.allegria-vs.ch/wp-content/uploads/2024/08/Laurence-1-1024x1024-1.jpg" alt="" class="wp-image-1125 size-full" srcset="https://www.allegria-vs.ch/wp-content/uploads/2024/08/Laurence-1-1024x1024-1.jpg 1024w, https://www.allegria-vs.ch/wp-content/uploads/2024/08/Laurence-1-1024x1024-1-300x300.jpg 300w, https://www.allegria-vs.ch/wp-content/uploads/2024/08/Laurence-1-1024x1024-1-150x150.jpg 150w, https://www.allegria-vs.ch/wp-content/uploads/2024/08/Laurence-1-1024x1024-1-768x768.jpg 768w, https://www.allegria-vs.ch/wp-content/uploads/2024/08/Laurence-1-1024x1024-1-210x210.jpg 210w" sizes="auto, (max-width: 980px) 100vw, 980px" /></figure><div class="wp-block-media-text__content">
<p class="wp-block-paragraph">Laurence Morisod, présidente de la troupe Allegria depuis 2016</p>
</div></div>



<p class="has-text-align-right wp-block-paragraph"></p>

<p>Notre style Toutes les&nbsp;chansons de notre répertoire sont harmonisées à plusieurs voix et accompagnées par des bandes musicales adaptées à notre prestation. Vous découvrirez un spectacle dynamique et entraînant grâce à des morceaux variés et contemporains dont voici quelques interprètes : Notre histoire Le groupe ALLEGRIA se présente en spectacle depuis 2003. Il est né [&hellip;]</p>
