{"id":1078,"date":"2024-07-17T13:22:56","date_gmt":"2024-07-17T13:22:56","guid":{"rendered":"https:\/\/www.allegria-vs.ch\/?page_id=1078"},"modified":"2024-07-20T08:06:46","modified_gmt":"2024-07-20T08:06:46","slug":"johnny-symphonique-tour","status":"publish","type":"page","link":"https:\/\/www.allegria-vs.ch\/index.php\/johnny-symphonique-tour\/","title":{"rendered":"Johnny Symphonique Tour"},"content":{"rendered":"\n<figure class=\"wp-block-image size-large\"><img loading=\"lazy\" decoding=\"async\" width=\"1024\" height=\"507\" src=\"https:\/\/www.allegria-vs.ch\/wp-content\/uploads\/2024\/07\/WhatsApp-Image-2024-07-17-at-14.37.45-4-1024x507.jpeg\" alt=\"\" class=\"wp-image-1075\" srcset=\"https:\/\/www.allegria-vs.ch\/wp-content\/uploads\/2024\/07\/WhatsApp-Image-2024-07-17-at-14.37.45-4-1024x507.jpeg 1024w, https:\/\/www.allegria-vs.ch\/wp-content\/uploads\/2024\/07\/WhatsApp-Image-2024-07-17-at-14.37.45-4-300x148.jpeg 300w, https:\/\/www.allegria-vs.ch\/wp-content\/uploads\/2024\/07\/WhatsApp-Image-2024-07-17-at-14.37.45-4-768x380.jpeg 768w, https:\/\/www.allegria-vs.ch\/wp-content\/uploads\/2024\/07\/WhatsApp-Image-2024-07-17-at-14.37.45-4-210x104.jpeg 210w, https:\/\/www.allegria-vs.ch\/wp-content\/uploads\/2024\/07\/WhatsApp-Image-2024-07-17-at-14.37.45-4.jpeg 1178w\" sizes=\"auto, (max-width: 980px) 100vw, 980px\" \/><\/figure>\n\n\n\n<p class=\"wp-block-paragraph\">Ce mardi 16 juillet 2024, la troupe Allegria a eu l&rsquo;immense honneur de participer au Johnny Symphonique Tour, pr\u00e9sent\u00e9 dans le cadre du festival Sion sous les \u00c9toiles. Sous la direction de M.Yvan CASSAR en personne, nous avons apport\u00e9 nos harmonies \u00e0 quatre titres du r\u00e9pertoire de Johnny Hallyday :<br><br>Requiem pour un fou &#8211; Vivre pour le meilleur &#8211; Le p\u00e9nitencier &#8211; Allumer le feu<\/p>\n\n\n\n<p class=\"wp-block-paragraph\">Merci \u00e0 Vincent FUCHS, c\u00e9l\u00e8bre chef de choeur fran\u00e7ais et coordinateur de la partie chorale de ce spectacle, pour sa disponibilit\u00e9, son humour, ses paroles rassurantes et l&rsquo;excellente collaboration tout au long de la pr\u00e9paration et la r\u00e9alisation de cet \u00e9v\u00e9nement exceptionnel pour nous.<\/p>\n\n\n\nngg_shortcode_0_placeholder\n\n\n\n<figure class=\"wp-block-video\"><video height=\"480\" style=\"aspect-ratio: 848 \/ 480;\" width=\"848\" controls src=\"https:\/\/www.allegria-vs.ch\/wp-content\/uploads\/2024\/07\/WhatsApp-Video-2024-07-17-at-08.34.53.mp4\"><\/video><\/figure>\n\n\n\n<figure class=\"wp-block-video\"><video height=\"480\" style=\"aspect-ratio: 848 \/ 480;\" width=\"848\" controls src=\"https:\/\/www.allegria-vs.ch\/wp-content\/uploads\/2024\/07\/WhatsApp-Video-2024-07-16-at-20.10.38.mp4\"><\/video><\/figure>\n\n\n\n<div class=\"wp-block-buttons is-content-justification-center is-layout-flex wp-container-core-buttons-is-layout-fe48e5de wp-block-buttons-is-layout-flex\">\n<div class=\"wp-block-button has-custom-font-size is-style-fill\" style=\"font-size:19px\"><a class=\"wp-block-button__link has-white-color has-luminous-vivid-orange-background-color has-text-color has-background has-link-color wp-element-button\" href=\"https:\/\/canal9.ch\/fr\/sion-sous-les-etoiles-2024-retour-sur-la-soiree-de-mardi\/\" style=\"border-radius:30px\" target=\"_blank\" rel=\"noreferrer noopener\">REPORTAGE DE CANAL9 SUR LES COULISSES DU CONCERT<\/a><\/div>\n<\/div>\n","protected":false},"excerpt":{"rendered":"<p>Ce mardi 16 juillet 2024, la troupe Allegria a eu l&rsquo;immense honneur de participer au Johnny Symphonique Tour, pr\u00e9sent\u00e9 dans le cadre du festival Sion sous les \u00c9toiles. Sous la direction de M.Yvan CASSAR en personne, nous avons apport\u00e9 nos harmonies \u00e0 quatre titres du r\u00e9pertoire de Johnny Hallyday : Requiem pour un fou &#8211; [&hellip;]<\/p>\n","protected":false},"author":1,"featured_media":0,"parent":0,"menu_order":0,"comment_status":"closed","ping_status":"closed","template":"","meta":{"ngg_post_thumbnail":0,"footnotes":""},"class_list":["post-1078","page","type-page","status-publish","hentry"],"_links":{"self":[{"href":"https:\/\/www.allegria-vs.ch\/index.php\/wp-json\/wp\/v2\/pages\/1078","targetHints":{"allow":["GET"]}}],"collection":[{"href":"https:\/\/www.allegria-vs.ch\/index.php\/wp-json\/wp\/v2\/pages"}],"about":[{"href":"https:\/\/www.allegria-vs.ch\/index.php\/wp-json\/wp\/v2\/types\/page"}],"author":[{"embeddable":true,"href":"https:\/\/www.allegria-vs.ch\/index.php\/wp-json\/wp\/v2\/users\/1"}],"replies":[{"embeddable":true,"href":"https:\/\/www.allegria-vs.ch\/index.php\/wp-json\/wp\/v2\/comments?post=1078"}],"version-history":[{"count":10,"href":"https:\/\/www.allegria-vs.ch\/index.php\/wp-json\/wp\/v2\/pages\/1078\/revisions"}],"predecessor-version":[{"id":1121,"href":"https:\/\/www.allegria-vs.ch\/index.php\/wp-json\/wp\/v2\/pages\/1078\/revisions\/1121"}],"wp:attachment":[{"href":"https:\/\/www.allegria-vs.ch\/index.php\/wp-json\/wp\/v2\/media?parent=1078"}],"curies":[{"name":"wp","href":"https:\/\/api.w.org\/{rel}","templated":true}]}}

<figure class="wp-block-image size-large"><img loading="lazy" decoding="async" width="1024" height="507" src="https://www.allegria-vs.ch/wp-content/uploads/2024/07/WhatsApp-Image-2024-07-17-at-14.37.45-4-1024x507.jpeg" alt="" class="wp-image-1075" srcset="https://www.allegria-vs.ch/wp-content/uploads/2024/07/WhatsApp-Image-2024-07-17-at-14.37.45-4-1024x507.jpeg 1024w, https://www.allegria-vs.ch/wp-content/uploads/2024/07/WhatsApp-Image-2024-07-17-at-14.37.45-4-300x148.jpeg 300w, https://www.allegria-vs.ch/wp-content/uploads/2024/07/WhatsApp-Image-2024-07-17-at-14.37.45-4-768x380.jpeg 768w, https://www.allegria-vs.ch/wp-content/uploads/2024/07/WhatsApp-Image-2024-07-17-at-14.37.45-4-210x104.jpeg 210w, https://www.allegria-vs.ch/wp-content/uploads/2024/07/WhatsApp-Image-2024-07-17-at-14.37.45-4.jpeg 1178w" sizes="auto, (max-width: 980px) 100vw, 980px" /></figure>



<p class="wp-block-paragraph">Ce mardi 16 juillet 2024, la troupe Allegria a eu l&rsquo;immense honneur de participer au Johnny Symphonique Tour, présenté dans le cadre du festival Sion sous les Étoiles. Sous la direction de M.Yvan CASSAR en personne, nous avons apporté nos harmonies à quatre titres du répertoire de Johnny Hallyday :<br><br>Requiem pour un fou &#8211; Vivre pour le meilleur &#8211; Le pénitencier &#8211; Allumer le feu</p>



<p class="wp-block-paragraph">Merci à Vincent FUCHS, célèbre chef de choeur français et coordinateur de la partie chorale de ce spectacle, pour sa disponibilité, son humour, ses paroles rassurantes et l&rsquo;excellente collaboration tout au long de la préparation et la réalisation de cet événement exceptionnel pour nous.</p>



ngg_shortcode_0_placeholder



<figure class="wp-block-video"><video height="480" style="aspect-ratio: 848 / 480;" width="848" controls src="https://www.allegria-vs.ch/wp-content/uploads/2024/07/WhatsApp-Video-2024-07-17-at-08.34.53.mp4"></video></figure>



<figure class="wp-block-video"><video height="480" style="aspect-ratio: 848 / 480;" width="848" controls src="https://www.allegria-vs.ch/wp-content/uploads/2024/07/WhatsApp-Video-2024-07-16-at-20.10.38.mp4"></video></figure>



<div class="wp-block-buttons is-content-justification-center is-layout-flex wp-container-core-buttons-is-layout-fe48e5de wp-block-buttons-is-layout-flex">
<div class="wp-block-button has-custom-font-size is-style-fill" style="font-size:19px"><a class="wp-block-button__link has-white-color has-luminous-vivid-orange-background-color has-text-color has-background has-link-color wp-element-button" href="https://canal9.ch/fr/sion-sous-les-etoiles-2024-retour-sur-la-soiree-de-mardi/" style="border-radius:30px" target="_blank" rel="noreferrer noopener">REPORTAGE DE CANAL9 SUR LES COULISSES DU CONCERT</a></div>
</div>

<p>Ce mardi 16 juillet 2024, la troupe Allegria a eu l&rsquo;immense honneur de participer au Johnny Symphonique Tour, présenté dans le cadre du festival Sion sous les Étoiles. Sous la direction de M.Yvan CASSAR en personne, nous avons apporté nos harmonies à quatre titres du répertoire de Johnny Hallyday : Requiem pour un fou &#8211; [&hellip;]</p>
